- n = 0. List the prime factors of f.
2, 5
What are the prime factors of (-4 - -6)/(-3 + (-223107)/(-74367))?
3, 8263
Suppose -97*z - 63151 = -2*b - 100*z, 9 = -3*z. List the prime factors of b.
2, 5, 1579
Suppose 24 = 1050*d - 1038*d. List the prime factors of 1 - 7295/(-13) - d/13.
2, 281
What are the prime factors of (17/(646/817))/(1/386)?
43, 193
Suppose -6*t + 5 = -5*j - t, j + t - 9 = 0. Suppose f - 2 = -5*m, 0 = 3*m - j*f - 18 + 3. What are the prime factors of (27 + -7)/(10/8 - m)?
2, 5
Let d(j) = j**3 - 11*j**2 + 10*j - 13. Let i be d(16). Suppose -83 - i = -5*f. Suppose 4*y - x = f + 114, 4*x = 0. List the prime factors of y.
2, 13
Suppose 0 = -22*t + 4*t + 103397 + 113539. What are the prime factors of t?
2, 23, 131
Let d(g) = 1666*g**2 + 221*g - 1255. List the prime factors of d(6).
13, 31, 149
Let t(m) = -m**2 - 109*m - 124. What are the prime factors of t(-26)?
2, 3, 113
Let v(u) be the first derivative of 16 + 1 + 188*u + 104*u**2 - 102*u**2. What are the prime factors of v(0)?
2, 47
Let r(a) = 2*a**2 - 16*a + 19. Let h be r(7). Suppose -c + 4*l = -0*l - 257, -h*c + 1216 = 3*l. What are the prime factors of c?
5, 7
Let g = 146 - 142. Suppose -g*a = 5*i - 913, 5*i = 2*a - 0*a + 901. What are the prime factors of i?
181
Suppose 5*h = -427*r + 422*r + 130950, -104792 = -4*r + 4*h. List the prime factors of r.
2, 7, 1871
Let h = 47874 - 27462. What are the prime factors of h?
2, 3, 7
Let k(y) = 4*y**3 + 8*y**2 - 53*y + 42. What are the prime factors of k(15)?
3, 13, 373
Let d be (-46)/(-69)*(0 + 3) + 944. Suppose 3*s - 4*v - 46 - d = 0, -3*s + 986 = -v. List the prime factors of s.
2, 41
Let x(d) = 340*d**2 - 129*d + 519. What are the prime factors of x(4)?
5443
Suppose -r + 0*r = -6, -5*r + 1305 = d. What are the prime factors of d?
3, 5, 17
Let t(p) = -64*p - 19. Let a be t(-4). Suppose -4*j + a + 179 = 0. What are the prime factors of j?
2, 13
List the prime factors of -3 + -9 + 49548/(39/13).
2, 2063
Let s(h) = 84*h**2 + 7*h - 5. Let y be s(7). Suppose -9*m = 4*m - y. Let z = m + -96. What are the prime factors of z?
2, 7
Suppose a = 29*a - 196. Suppose a*x - 1212 = -15. List the prime factors of x.
3, 19
Suppose 3*l - 30 = -5*z, 0 = 5*l - 0*l + 2*z - 31. Let h be -6 - (-350 + 52/(-13)). Suppose -8*b + h = -l*b. List the prime factors of b.
2, 29
Suppose n - 4 = 0, -4*v + 192 = -n - 3*n. Suppose -5*d + 828 = -v. List the prime factors of d.
2, 11
Let l(o) = o**3 - 15*o**2 + 2. Let q be l(0). Suppose -q*j - 595 = -3*m + 594, 2*m - 786 = -2*j. List the prime factors of m.
5, 79
Let w(g) = -g**3 - 2*g**2 + 3*g. Let v be w(-3). Suppose v = -2*b - 6*b + 304. Let u = 8 + b. List the prime factors of u.
2, 23
Suppose 8*x - 10*x = -5*v + 37, -v + 2*x + 1 = 0. List the prime factors of -3*((-9)/(v/152) - -3).
3, 149
Suppose -247*t - 25046 = -254*t. What are the prime factors of t?
2, 1789
Let k be (2/((-6)/1581))/(-1). Let s be k/17 + 0 + 1. Let v = s - -46. List the prime factors of v.
2, 3, 13
Let r(o) = -2*o + 5. Let y(b) = -b - 4. Let i be y(-8). Let k be r(i). List the prime factors of (-240)/k - (-14 + 10).
2, 3, 7
List the prime factors of ((-25)/15)/((-6)/16758).
5, 7, 19
What are the prime factors of (60528/(-520))/((-2)/240)?
2, 3, 97
Suppose 29*k - 34*k - 25 = 0. What are the prime factors of 755/(k*(-8)/48)?
2, 3, 151
Let j be (-22952)/(-17) + 6/(-51). Suppose 11*d = 29*d - j. What are the prime factors of d?
3, 5
Suppose -2*v = 4*z - 35588, 44447 = 5*z + 34*v - 41*v. What are the prime factors of z?
3, 5, 593
Let o(a) = -6*a**2 - 9*a**2 - 30*a - 8*a**3 + 2*a**3 + 5*a**3. List the prime factors of o(-13).
2, 13
Let u be (-2 + -1)*(128/12)/(-2). Suppose 0 = 4*k + u, 4*k - 4 = -i + 7. Suppose 0 = -23*h + i*h - 380. What are the prime factors of h?
5, 19
Let m = 39 + -63. What are the prime factors of -14*(-7)/((-21)/m)?
2, 7
Let q(a) be the third derivative of 15*a**4/8 - 73*a**3/6 + 45*a**2. What are the prime factors of q(7)?
2, 11
Let k(l) = -36*l**2 - 46*l. Let r be k(-7). Let b = r + 2046. What are the prime factors of b?
2, 151
Suppose -6005 = -23*s + 11015. What are the prime factors of s?
2, 5, 37
Let l(b) = 299*b**2 - 2*b + 22. List the prime factors of l(5).
7487
Let q(l) be the first derivative of 6*l**3 - 5*l**2/2 + l + 19. Let r be q(2). What are the prime factors of (-84)/r*(-414)/4?
2, 3, 23
Let t be 0 + -2 - 4/(-2). Let q(w) be the first derivative of -3*w**2/2 + 84*w + 24. What are the prime factors of q(t)?
2, 3, 7
Let z(c) = -c + 3. Let k be z(-2). Suppose -k*n + 148 = -362. Suppose 0 = -6*a + n + 96. What are the prime factors of a?
3, 11
Let w be (-28267)/115 + (2/2)/(-5). Let d = 421 + w. What are the prime factors of ((-6)/(-5))/(10/d)?
3, 7
Let l(w) be the third derivative of w**5/60 - w**4/24 + w**3/6 - 2*w**2. Let d be l(2). Let v(f) = -f**3 + 3*f**2 + 3*f + 6. What are the prime factors of v(d)?
3, 5
Let v be -1 + 4 - (-3)/(-3). Let c = 477 + -267. Suppose v*r + c = 5*r. What are the prime factors of r?
2, 5, 7
Let h(g) = 20*g**2 + 227*g + 680. List the prime factors of h(-25).
5, 19, 79
Let y(w) = w**3 + 6*w**2 - 8*w - 4. Let n be y(-7). Let m be (-6*2)/n - -50. Suppose 0 = -h + m + 29. What are the prime factors of h?
3, 5
Suppose -45 - 45 = -6*f. Let v(o) be the third derivative of -o**6/120 + 7*o**5/30 + 17*o**4/24 - 2*o**3 + 3*o**2. What are the prime factors of v(f)?
2, 3
Let c = -12128 + 12854. What are the prime factors of c?
2, 3, 11
Suppose -28*m = 8*m - 2412. What are the prime factors of 532 + ((-50)/(-325) - m/13)?
17, 31
Let h(p) = 1856*p + 34. What are the prime factors of h(7)?
2, 3, 13, 167
Let h be (1 + -573)*4*2/(-16). Let n = h - 150. What are the prime factors of n?
2, 17
Suppose -14 = 5*b - 29. Suppose -6*m - b*x + 7213 = -m, 2 = 2*x. List the prime factors of m.
2, 7, 103
What are the prime factors of 6864/1 - (11 - 8 - 4)?
5, 1373
List the prime factors of (76/57)/((-4)/(-6)) - -16651.
3, 7, 13, 61
Let a = 57 - 20. Let v = -32 + a. Suppose v*y - 2*y - 204 = 0. List the prime factors of y.
2, 17
Let h = 23813 - -4265. List the prime factors of h.
2, 101, 139
Suppose 1205*i - 1215*i + 203250 = 0. List the prime factors of i.
3, 5, 271
Suppose 6*r - 13 = 17. Let m(n) = 3*n**3 - 9*n**2 - 4*n - 7. What are the prime factors of m(r)?
3, 41
Let g(t) = -t**2 + 18*t - 63. Let d be (51/12 - 1)/(4/16). Let j be g(d). Suppose -338 = -2*r - 2*s, -3*r = j*r + 3*s - 849. List the prime factors of r.
3, 19
List the prime factors of (-476619)/((-88)/8) - 24.
3, 5, 2887
Suppose 140*s = 136*s + 2904. Let j = -53 + s. Suppose j = 3*x - 179. What are the prime factors of x?
2, 71
Let b(f) = 292*f + 4350. What are the prime factors of b(85)?
2, 5, 2917
Let i = 4149 - 6744. List the prime factors of ((-20)/(-25))/(3/i*-1).
2, 173
Suppose -4 = 3*p - 4*p. Suppose 0 = -p*z - z - 105. Let d = z + 41. List the prime factors of d.
2, 5
Suppose -4*d - 4*b + 18088 = 0, 24*d - 26*d + 2*b + 9048 = 0. List the prime factors of d.
4523
Let n = -22314 - -36792. What are the prime factors of n?
2, 3, 19, 127
What are the prime factors of (386800/(-7) - (18 + 2286/(-126)))/(-1)?
3, 113, 163
Let v(u) = -3*u**2 + 18*u - 16. Let m(y) = -y**2 + 6*y - 5. Let p(n) = 11*m(n) - 4*v(n). Let o be p(4). What are the prime factors of o/(425/(-430) + 1)?
2, 43
Suppose -44*b = -7*b - 318089. What are the prime factors of b?
8597
Let f = 12203 - 2269. List the prime factors of f.
2, 4967
Let p be ((-5522)/6 - 3)*3/(-2). Suppose -p = 9*d - 14*d. List the prime factors of d.
277
Suppose -5*k + 259 = -5*i + 54, 4*k - 179 = -i. Let f = k - 40. Suppose 0 = f*r + x - 99, 2*x - 26 = -3*r + 52. List the prime factors of r.
2, 3
Suppose 2*f + 146 = -0*s - s, 0 = s - 2*f + 134. List the prime factors of 5 - -3*s/(-6).
3, 5
Let s(w) = 57*w + 2. Let o be s(-3). Let h = o + 307. Suppose 150 = 2*q - 4*n, 0*n - h = -2*q + n. What are the prime factors of q?
67
Suppose -5*s + 13 = 3*h + 1, -3*s + 20 = 5*h. Suppose -3*p + 571 - 154 = s. What are the prime factors of p?
139
Suppose -5*g - 3365 = -3*y, -5*g + y - 1949 = 1426. Let c = -564 - g. What are the prime factors of c?
2, 7
Let q = 79 - 75. Suppose 0*j + 16 = -q*j. List the prime factors of (26 + j)*6/4.
3, 11
Let c be 5/10 - (-283)/2. Let z = -36 - -41. Suppose 3*y = z*y - c. What are